a prime number?
False
Is 11191841 prime?
False
Is 113707 a composite number?
True
Is 310691 prime?
False
Is 2386417 a composite number?
True
Is 248298242 a composite number?
True
Is 71248231 prime?
True
Is 59641067 a composite number?
True
Is 3866393 composite?
False
Is 15814423 a composite number?
True
Is 52891243 prime?
True
Is 15216403 a composite number?
False
Is 32390311 a composite number?
False
Is 420092609 prime?
False
Is 142529 a prime number?
True
Is 684637 composite?
False
Is 68942485 prime?
False
Is 282780573 composite?
True
Is 901981 prime?
False
Is 45658903 composite?
False
Is 3519641 prime?
True
Is 155709139 composite?
True
Is 1374049 prime?
False
Is 4278959 a composite number?
False
Is 631745 a prime number?
False
Is 131307941 a composite number?
False
Is 12496823 a composite number?
False
Is 7721327 a prime number?
False
Is 113835923 composite?
False
Is 6080761 a composite number?
False
Is 323280311 a composite number?
False
Is 119690147 a prime number?
False
Is 2996915 prime?
False
Is 22423133 a prime number?
True
Is 6605545 composite?
True
Is 47667773 prime?
False
Is 2342791 a composite number?
True
Is 137725897 composite?
False
Is 5729779 a prime number?
False
Is 701891 a composite number?
True
Is 7148629 a prime number?
True
Is 4475561 a composite number?
True
Is 303977 prime?
False
Is 299603 composite?
False
Is 44087063 composite?
True
Is 292381 prime?
True
Is 279890111 a composite number?
False
Is 58616417 composite?
False
Is 3112757 a composite number?
False
Is 5017407 a composite number?
True
Is 2943529 a composite number?
True
Is 620947 a composite number?
False
Is 226283945 prime?
False
Is 46099487 prime?
False
Is 3205859 a composite number?
False
Is 4615301 prime?
False
Is 3971801 prime?
False
Is 18224417 prime?
True
Is 1489223 a prime number?
True
Is 100363009 prime?
False
Is 158269021 a prime number?
True
Is 1410949 a prime number?
False
Is 206449567 composite?
False
Is 309642643 composite?
False
Is 249382319 a prime number?
True
Is 8628917 a composite number?
True
Is 162424769 a prime number?
False
Is 21300287 a prime number?
True
Is 152940737 a prime number?
False
Is 4521151 a prime number?
True
Is 385848679 composite?
False
Is 60281891 a prime number?
True
Is 244889 composite?
False
Is 6993179 a composite number?
True
Is 647329 a prime number?
False
Is 19721077 a prime number?
False
Is 244999351 prime?
True
Is 206699 a composite number?
False
Is 53666851 composite?
True
Is 290761 prime?
True
Is 1641422 a composite number?
True
Is 10939051 a prime number?
False
Is 179884907 a composite number?
False
Is 40075117 composite?
False
Is 6557861 a prime number?
True
Is 6202853 a prime number?
True
Is 9129547 composite?
True
Is 946103 a prime number?
False
Is 23978377 prime?
True
Is 74976121 prime?
False
Is 7770433 a prime number?
False
Is 464412566 prime?
False
Is 127485869 composite?
True
Is 12017021 a prime number?
True
Is 4882799 a prime number?
False
Is 134474443 a prime number?
True
Is 48101839 composite?
True
Is 664661 a prime number?
True
Is 4485533 composite?
True
Is 1866833 a composite number?
False
Is 8711489 prime?
True
Is 220983731 a composite number?
True
Is 81115033 composite?
True
Is 1020073 prime?
False
Is 16220537 composite?
False
Is 106181 a composite number?
False
Is 14262431 composite?
False
Is 2549479 a composite number?
False
Is 86948053 composite?
True
Is 12469069 prime?
True
Is 6150157 a prime number?
False
Is 6381151 a composite number?
True
Is 95330541 a composite number?
True
Is 2046971 a prime number?
True
Is 1267240969 a prime number?
True
Is 105611767 a composite number?
False
Is 4625591 a prime number?
False
Is 104668793 composite?
False
Is 42683 prime?
True
Is 2696699 a composite number?
False
Is 7142563 a composite number?
False
Is 5925371 prime?
False
Is 1334629 composite?
False
Is 7693577 prime?
True
Is 2542759 composite?
False
Is 3636991 composite?
False
Is 31826879 prime?
False
Is 4350167 composite?
False
Is 127967393 prime?
True
Is 1439651 a prime number?
True
Is 45743039 a prime number?
False
Is 94627409 composite?
True
Is 38321903 composite?
False
Is 163388579 composite?
False
Is 180810031 composite?
False
Is 9414851 a prime number?
False
Is 205009957 composite?
True
Is 3928894 prime?
False
Is 946193503 a composite number?
True
Is 2139029 a composite number?
True
Is 8076589 a prime number?
False
Is 3882733 prime?
True
Is 13756373 prime?
False
Is 104370407 composite?
True
Is 10953247 a prime number?
True
Is 37391099 a prime number?
False
Is 2518237 a prime number?
True
Is 4297127 prime?
False
Is 178444135 a composite number?
True
Is 54358233 prime?
False
Is 192297331 a prime number?
False
Is 138093695 a composite number?
True
Is 1835453 composite?
False
Is 191816201 composite?
True
Is 125363453 prime?
True
Is 8007893 composite?
True
Is 14100509 a prime number?
False
Is 8983085 composite?
True
Is 6907717 a composite number?
True
Is 18076181 a prime number?
True
Is 15204751 a prime number?
True
Is 4708013 composite?
False
Is 134022697 prime?
False
Is 34530701 composite?
False
Is 558205 composite?
True
Is 332321 composite?
True
Is 3937469 prime?
True
Is 52984567 a prime number?
False
Is 2560279 prime?
True
Is 2704661 prime?
True
Is 103196879 prime?
False
Is 352879 a prime number?
False
Is 26186221 composite?
True
Is 287597 a prime number?
True
Is 5028139 a prime number?
False
Is 8241614 prime?
False
Is 41333042 composite?
True
Is 5578921 prime?
True
Is 1775983 a composite number?
True
Is 475879733 prime?
False
Is 5887757 a composite number?
False
Is 5317133 a prime number?
True
Is 35020541 prime?
False
Is 190172221 a composite number?
True
Is 260629 prime?
True
Is 143573251 a prime number?
False
Is 22083851 a composite number?
False
Is 2525179 a composite number?
False
Is 411687571 prime?
True
Is 39731743 composite?
True
Is 8916559 composite?
False
Is 30970153 prime?
True
Is 22996399 prime?
True
Is 18669619 a prime number?
False
Is 224028719 a prime number?
True
Is 487690771 a prime number?
True
Is 98517149 a prime number?
True
Is 5415617 composite?
False
Is 841426259 composite?
False
Is 48972971 composite?
True
Is 6417097 a composite number?
True
Is 1610863 prime?
False
Is 1032439 a composite number?
True
Is 426373 a prime number?
False
Is 76352007 prime?
False
Is 3600421 prime?
False
Is 584176391 a composite number?
False
Is 4637189 a prime number?
True
Is 5624573 composite?
False
Is 8905397 a prime number?
True
Is 18763357 composite?
True
Is 46639967 a prime number?
False
Is 25452527 composite?
False
Is 1380439 prime?
True
Is 42274139 a prime number?
True
Is 6773729 a prime number?
True
Is 1355533 prime?
True
Is 36992053 a prime number?
False
Is 89806517 a prime number?
False
Is 237235717 a composite number?
True
Is 133702123 prime?
True
Is 194437813 composite?
True
Is 3477731 composite?
True
Is 37534267 a composite number?
False
Is 16876747 prime?
False
Is 626917 a prime number?
True
Is 432853 prime?
False
Is 6092921 composite?
True
Is 186349 composite?
True
Is 33375613 a composite number?
False
Is 309613 a prime number?
False
Is 196161431 a prime number?
True
Is 48631497 a prime number?
False
Is 13782127 composite?
True
Is 287941 composite?
True
Is 2970455 composite?
True
Is 11714441 prime?
True
Is 1678151 prime?
True
Is 119436821 a prime number?
False
Is 89011731 a prime number?
False
Is 18729263 prime?
False
Is 1761742 prime?
False
Is 7705427 a prime number?
True
Is 646400203 a prime number?
False
Is 32176957 prime?
True
Is 6790691 a composite number?
False
Is 14554389 a prime number?
False
Is 689879 prime?
True
Is 15002241 a prime number?
False
Is 52639639 a prime number?
False
Is 6821863 a composite number?
False
Is 53024929 composite?
True
Is 99513541 prime?
True
Is 271043 composite?
False
Is 38900863 composite?
False
Is 2646967 prime?
True
Is 4811971 a prime number?
False
Is 39985189 a composite number?
False
Is 23977405 prime?
False
Is 806331833 a composite number?
False
Is 6424153 a prime number?
False
Is 13090253 composite?
True
Is 5221319 a composite number?
False
Is 13500173 a composite number?
False
Is 9354461 a composite number?
False
Is 110378861 prime?
True
Is 8818879 prime?
True
Is 41987783 composite?
False
Is 27346099 composite?
True
Is 287849093 a composit